{"id":32,"date":"2013-06-13T22:49:01","date_gmt":"2013-06-13T20:49:01","guid":{"rendered":"http:\/\/www.anunnaki.si\/nibiru\/Anu\/?page_id=32"},"modified":"2013-06-14T14:18:07","modified_gmt":"2013-06-14T12:18:07","slug":"32-2","status":"publish","type":"page","link":"http:\/\/www.anunnaki.si\/nibiru\/Anu\/?page_id=32","title":{"rendered":"N\u00e1mafjall N\u00e1maskar\u00f0"},"content":{"rendered":"<p><img loading=\"lazy\" class=\"alignnone size-full wp-image-15\" alt=\"N\u00e1mafjall N\u00e1maskar\u00f0\" src=\"http:\/\/www.anunnaki.si\/nibiru\/Anu\/wp-content\/uploads\/2013\/06\/Iceland02.jpg\" width=\"930\" height=\"400\" srcset=\"http:\/\/www.anunnaki.si\/nibiru\/Anu\/wp-content\/uploads\/2013\/06\/Iceland02.jpg 930w, http:\/\/www.anunnaki.si\/nibiru\/Anu\/wp-content\/uploads\/2013\/06\/Iceland02-300x129.jpg 300w\" sizes=\"(max-width: 930px) 100vw, 930px\" \/><\/p>\n","protected":false},"excerpt":{"rendered":"","protected":false},"author":1,"featured_media":15,"parent":46,"menu_order":3,"comment_status":"open","ping_status":"open","template":"full-width.php","meta":[],"_links":{"self":[{"href":"http:\/\/www.anunnaki.si\/nibiru\/Anu\/index.php?rest_route=\/wp\/v2\/pages\/32"}],"collection":[{"href":"http:\/\/www.anunnaki.si\/nibiru\/Anu\/index.php?rest_route=\/wp\/v2\/pages"}],"about":[{"href":"http:\/\/www.anunnaki.si\/nibiru\/Anu\/index.php?rest_route=\/wp\/v2\/types\/page"}],"author":[{"embeddable":true,"href":"http:\/\/www.anunnaki.si\/nibiru\/Anu\/index.php?rest_route=\/wp\/v2\/users\/1"}],"replies":[{"embeddable":true,"href":"http:\/\/www.anunnaki.si\/nibiru\/Anu\/index.php?rest_route=%2Fwp%2Fv2%2Fcomments&post=32"}],"version-history":[{"count":3,"href":"http:\/\/www.anunnaki.si\/nibiru\/Anu\/index.php?rest_route=\/wp\/v2\/pages\/32\/revisions"}],"predecessor-version":[{"id":51,"href":"http:\/\/www.anunnaki.si\/nibiru\/Anu\/index.php?rest_route=\/wp\/v2\/pages\/32\/revisions\/51"}],"up":[{"embeddable":true,"href":"http:\/\/www.anunnaki.si\/nibiru\/Anu\/index.php?rest_route=\/wp\/v2\/pages\/46"}],"wp:featuredmedia":[{"embeddable":true,"href":"http:\/\/www.anunnaki.si\/nibiru\/Anu\/index.php?rest_route=\/wp\/v2\/media\/15"}],"wp:attachment":[{"href":"http:\/\/www.anunnaki.si\/nibiru\/Anu\/index.php?rest_route=%2Fwp%2Fv2%2Fmedia&parent=32"}],"curies":[{"name":"wp","href":"https:\/\/api.w.org\/{rel}","templated":true}]}}